{"id":88,"date":"2022-04-14T16:15:22","date_gmt":"2022-04-14T16:15:22","guid":{"rendered":"https:\/\/mmpatunisie.com\/?page_id=88"},"modified":"2023-02-13T20:36:26","modified_gmt":"2023-02-13T20:36:26","slug":"tournage-et-fraisage-conventionnels","status":"publish","type":"page","link":"https:\/\/mmpatunisie.com\/index.php\/tournage-et-fraisage-conventionnels\/","title":{"rendered":"Tournage et fraisage conventionnels"},"content":{"rendered":"\n<p style=\"font-size:24px\">Afin de garantir la r\u00e9activit\u00e9 n\u00e9cessaire pour cl\u00f4turer les projets dans les d\u00e9lais exig\u00e9s et minimiser le cout de production, MMPA met \u00e0 votre disposition notre parc de machines conventionnelles universelles de grande capacit\u00e9 ainsi que les outils d\u2019ajustements n\u00e9cessaires pour assurer la meilleure finition du produit.<\/p>\n","protected":false},"excerpt":{"rendered":"<p>Afin de garantir la r\u00e9activit\u00e9 n\u00e9cessaire pour cl\u00f4turer les projets dans les d\u00e9lais exig\u00e9s et minimiser le cout de production, MMPA met \u00e0 votre disposition notre parc de machines conventionnelles universelles de grande capacit\u00e9 ainsi que les outils d\u2019ajustements n\u00e9cessaires pour assurer la meilleure finition du produit.<\/p>\n","protected":false},"author":1,"featured_media":0,"parent":0,"menu_order":0,"comment_status":"closed","ping_status":"closed","template":"templates\/template-page-full-width.php","meta":{"_uag_custom_page_level_css":"","_monsterinsights_skip_tracking":false,"_monsterinsights_sitenote_active":false,"_monsterinsights_sitenote_note":"","_monsterinsights_sitenote_category":0,"ngg_post_thumbnail":0,"footnotes":""},"class_list":["post-88","page","type-page","status-publish","hentry"],"yoast_head":"<!-- This site is optimized with the Yoast SEO plugin v26.6 - https:\/\/yoast.com\/wordpress\/plugins\/seo\/ -->\n<title>Tournage et fraisage conventionnels - MMPA<\/title>\n<meta name=\"robots\" content=\"index, follow, max-snippet:-1, max-image-preview:large, max-video-preview:-1\" \/>\n<link rel=\"canonical\" href=\"https:\/\/mmpatunisie.com\/index.php\/tournage-et-fraisage-conventionnels\/\" \/>\n<meta property=\"og:locale\" content=\"fr_FR\" \/>\n<meta property=\"og:type\" content=\"article\" \/>\n<meta property=\"og:title\" content=\"Tournage et fraisage conventionnels - MMPA\" \/>\n<meta property=\"og:description\" content=\"Afin de garantir la r\u00e9activit\u00e9 n\u00e9cessaire pour cl\u00f4turer les projets dans les d\u00e9lais exig\u00e9s et minimiser le cout de production, MMPA met \u00e0 votre disposition notre parc de machines conventionnelles universelles de grande capacit\u00e9 ainsi que les outils d\u2019ajustements n\u00e9cessaires pour assurer la meilleure finition du produit.\" \/>\n<meta property=\"og:url\" content=\"https:\/\/mmpatunisie.com\/index.php\/tournage-et-fraisage-conventionnels\/\" \/>\n<meta property=\"og:site_name\" content=\"MMPA\" \/>\n<meta property=\"article:modified_time\" content=\"2023-02-13T20:36:26+00:00\" \/>\n<meta name=\"twitter:card\" content=\"summary_large_image\" \/>\n<meta name=\"twitter:label1\" content=\"Dur\u00e9e de lecture estim\u00e9e\" \/>\n\t<meta name=\"twitter:data1\" content=\"1 minute\" \/>\n<script type=\"application\/ld+json\" class=\"yoast-schema-graph\">{\"@context\":\"https:\/\/schema.org\",\"@graph\":[{\"@type\":\"WebPage\",\"@id\":\"https:\/\/mmpatunisie.com\/index.php\/tournage-et-fraisage-conventionnels\/\",\"url\":\"https:\/\/mmpatunisie.com\/index.php\/tournage-et-fraisage-conventionnels\/\",\"name\":\"Tournage et fraisage conventionnels - MMPA\",\"isPartOf\":{\"@id\":\"https:\/\/mmpatunisie.com\/#website\"},\"datePublished\":\"2022-04-14T16:15:22+00:00\",\"dateModified\":\"2023-02-13T20:36:26+00:00\",\"breadcrumb\":{\"@id\":\"https:\/\/mmpatunisie.com\/index.php\/tournage-et-fraisage-conventionnels\/#breadcrumb\"},\"inLanguage\":\"fr-FR\",\"potentialAction\":[{\"@type\":\"ReadAction\",\"target\":[\"https:\/\/mmpatunisie.com\/index.php\/tournage-et-fraisage-conventionnels\/\"]}]},{\"@type\":\"BreadcrumbList\",\"@id\":\"https:\/\/mmpatunisie.com\/index.php\/tournage-et-fraisage-conventionnels\/#breadcrumb\",\"itemListElement\":[{\"@type\":\"ListItem\",\"position\":1,\"name\":\"Accueil\",\"item\":\"https:\/\/mmpatunisie.com\/\"},{\"@type\":\"ListItem\",\"position\":2,\"name\":\"Tournage et fraisage conventionnels\"}]},{\"@type\":\"WebSite\",\"@id\":\"https:\/\/mmpatunisie.com\/#website\",\"url\":\"https:\/\/mmpatunisie.com\/\",\"name\":\"MMPA\",\"description\":\"MOULE ET MECANIQUE DE PRECISION ASSOCIES\",\"publisher\":{\"@id\":\"https:\/\/mmpatunisie.com\/#organization\"},\"potentialAction\":[{\"@type\":\"SearchAction\",\"target\":{\"@type\":\"EntryPoint\",\"urlTemplate\":\"https:\/\/mmpatunisie.com\/?s={search_term_string}\"},\"query-input\":{\"@type\":\"PropertyValueSpecification\",\"valueRequired\":true,\"valueName\":\"search_term_string\"}}],\"inLanguage\":\"fr-FR\"},{\"@type\":\"Organization\",\"@id\":\"https:\/\/mmpatunisie.com\/#organization\",\"name\":\"MMPA\",\"url\":\"https:\/\/mmpatunisie.com\/\",\"logo\":{\"@type\":\"ImageObject\",\"inLanguage\":\"fr-FR\",\"@id\":\"https:\/\/mmpatunisie.com\/#\/schema\/logo\/image\/\",\"url\":\"https:\/\/mmpatunisie.com\/wp-content\/uploads\/2022\/02\/logo.png\",\"contentUrl\":\"https:\/\/mmpatunisie.com\/wp-content\/uploads\/2022\/02\/logo.png\",\"width\":611,\"height\":263,\"caption\":\"MMPA\"},\"image\":{\"@id\":\"https:\/\/mmpatunisie.com\/#\/schema\/logo\/image\/\"}}]}<\/script>\n<!-- \/ Yoast SEO plugin. -->","yoast_head_json":{"title":"Tournage et fraisage conventionnels - MMPA","robots":{"index":"index","follow":"follow","max-snippet":"max-snippet:-1","max-image-preview":"max-image-preview:large","max-video-preview":"max-video-preview:-1"},"canonical":"https:\/\/mmpatunisie.com\/index.php\/tournage-et-fraisage-conventionnels\/","og_locale":"fr_FR","og_type":"article","og_title":"Tournage et fraisage conventionnels - MMPA","og_description":"Afin de garantir la r\u00e9activit\u00e9 n\u00e9cessaire pour cl\u00f4turer les projets dans les d\u00e9lais exig\u00e9s et minimiser le cout de production, MMPA met \u00e0 votre disposition notre parc de machines conventionnelles universelles de grande capacit\u00e9 ainsi que les outils d\u2019ajustements n\u00e9cessaires pour assurer la meilleure finition du produit.","og_url":"https:\/\/mmpatunisie.com\/index.php\/tournage-et-fraisage-conventionnels\/","og_site_name":"MMPA","article_modified_time":"2023-02-13T20:36:26+00:00","twitter_card":"summary_large_image","twitter_misc":{"Dur\u00e9e de lecture estim\u00e9e":"1 minute"},"schema":{"@context":"https:\/\/schema.org","@graph":[{"@type":"WebPage","@id":"https:\/\/mmpatunisie.com\/index.php\/tournage-et-fraisage-conventionnels\/","url":"https:\/\/mmpatunisie.com\/index.php\/tournage-et-fraisage-conventionnels\/","name":"Tournage et fraisage conventionnels - MMPA","isPartOf":{"@id":"https:\/\/mmpatunisie.com\/#website"},"datePublished":"2022-04-14T16:15:22+00:00","dateModified":"2023-02-13T20:36:26+00:00","breadcrumb":{"@id":"https:\/\/mmpatunisie.com\/index.php\/tournage-et-fraisage-conventionnels\/#breadcrumb"},"inLanguage":"fr-FR","potentialAction":[{"@type":"ReadAction","target":["https:\/\/mmpatunisie.com\/index.php\/tournage-et-fraisage-conventionnels\/"]}]},{"@type":"BreadcrumbList","@id":"https:\/\/mmpatunisie.com\/index.php\/tournage-et-fraisage-conventionnels\/#breadcrumb","itemListElement":[{"@type":"ListItem","position":1,"name":"Accueil","item":"https:\/\/mmpatunisie.com\/"},{"@type":"ListItem","position":2,"name":"Tournage et fraisage conventionnels"}]},{"@type":"WebSite","@id":"https:\/\/mmpatunisie.com\/#website","url":"https:\/\/mmpatunisie.com\/","name":"MMPA","description":"MOULE ET MECANIQUE DE PRECISION ASSOCIES","publisher":{"@id":"https:\/\/mmpatunisie.com\/#organization"},"potentialAction":[{"@type":"SearchAction","target":{"@type":"EntryPoint","urlTemplate":"https:\/\/mmpatunisie.com\/?s={search_term_string}"},"query-input":{"@type":"PropertyValueSpecification","valueRequired":true,"valueName":"search_term_string"}}],"inLanguage":"fr-FR"},{"@type":"Organization","@id":"https:\/\/mmpatunisie.com\/#organization","name":"MMPA","url":"https:\/\/mmpatunisie.com\/","logo":{"@type":"ImageObject","inLanguage":"fr-FR","@id":"https:\/\/mmpatunisie.com\/#\/schema\/logo\/image\/","url":"https:\/\/mmpatunisie.com\/wp-content\/uploads\/2022\/02\/logo.png","contentUrl":"https:\/\/mmpatunisie.com\/wp-content\/uploads\/2022\/02\/logo.png","width":611,"height":263,"caption":"MMPA"},"image":{"@id":"https:\/\/mmpatunisie.com\/#\/schema\/logo\/image\/"}}]}},"uagb_featured_image_src":{"full":false,"thumbnail":false,"medium":false,"medium_large":false,"large":false,"1536x1536":false,"2048x2048":false},"uagb_author_info":{"display_name":"mmpatunisiecom","author_link":"https:\/\/mmpatunisie.com\/index.php\/author\/mmpatunisiecom\/"},"uagb_comment_info":0,"uagb_excerpt":"Afin de garantir la r\u00e9activit\u00e9 n\u00e9cessaire pour cl\u00f4turer les projets dans les d\u00e9lais exig\u00e9s et minimiser le cout de production, MMPA met \u00e0 votre disposition notre parc de machines conventionnelles universelles de grande capacit\u00e9 ainsi que les outils d\u2019ajustements n\u00e9cessaires pour assurer la meilleure finition du produit.","_links":{"self":[{"href":"https:\/\/mmpatunisie.com\/index.php\/wp-json\/wp\/v2\/pages\/88","targetHints":{"allow":["GET"]}}],"collection":[{"href":"https:\/\/mmpatunisie.com\/index.php\/wp-json\/wp\/v2\/pages"}],"about":[{"href":"https:\/\/mmpatunisie.com\/index.php\/wp-json\/wp\/v2\/types\/page"}],"author":[{"embeddable":true,"href":"https:\/\/mmpatunisie.com\/index.php\/wp-json\/wp\/v2\/users\/1"}],"replies":[{"embeddable":true,"href":"https:\/\/mmpatunisie.com\/index.php\/wp-json\/wp\/v2\/comments?post=88"}],"version-history":[{"count":2,"href":"https:\/\/mmpatunisie.com\/index.php\/wp-json\/wp\/v2\/pages\/88\/revisions"}],"predecessor-version":[{"id":129,"href":"https:\/\/mmpatunisie.com\/index.php\/wp-json\/wp\/v2\/pages\/88\/revisions\/129"}],"wp:attachment":[{"href":"https:\/\/mmpatunisie.com\/index.php\/wp-json\/wp\/v2\/media?parent=88"}],"curies":[{"name":"wp","href":"https:\/\/api.w.org\/{rel}","templated":true}]}}